he remainder when d(15) is divided by (0 - -1)/(2/54).
25
Suppose 0 = -11*u + 154 + 253. What is the remainder when 67 is divided by u?
30
Let r = 4 - 2. Suppose 3*i + 4*h - 1 = 3, 5*h + 1 = -3*i. What is the remainder when (186/9)/(r/3) is divided by i?
7
Suppose -3*b - b + 1 = 5*f, 2*f - 14 = -5*b. Suppose -2 = 4*p - 2*p + b*u, -3*p = -u - 32. Calculate the remainder when 16 is divided by p.
7
Let q = 4 - 0. Suppose -16 = -4*s - q*x, -4*s + 10 = -0*s + x. Suppose s*v = -2*g + 22, 6*v - 2*v = 8. Calculate the remainder when 35 is divided by g.
8
Let i(z) = -7*z**3. Let p(t) = -2*t + 2. Let u be p(-4). Calculate the remainder when i(-1) is divided by (-3)/((-26)/u - -2).
2
Suppose -64 = -2*d + m, -2*m = -d + 29 + 9. Calculate the remainder when 211 is divided by d.
1
Suppose 99*o - 106*o + 700 = 0. Calculate the remainder when o is divided by 17.
15
Suppose -5*u = -68 - 72. Calculate the remainder when u is divided by (1170/(-650))/(3/(-10)).
4
Let m(x) be the first derivative of 7*x**2 - 1. Calculate the remainder when m(4) is divided by (-2)/6 - (-174)/9.
18
Suppose -2 - 50 = -2*x. Calculate the remainder when 334 is divided by x.
22
Let d(y) be the first derivative of y**3/3 + 3. What is the remainder when 14/(-3)*(-3)/2 is divided by d(2)?
3
Suppose -4*b = -h + 21 - 61, 2*b - 2*h - 20 = 0. What is the remainder when 49 is divided by b?
9
Suppose 7*m - 146 = 400. Calculate the remainder when m is divided by 54.
24
Suppose g + 28 = 5*g + 3*v, -30 = -5*g - 5*v. Suppose 3*b = k - 11, 4*b = -5*k - 0*b - 2. Calculate the remainder when g is divided by k.
0
Suppose -4*w + 3*w = -2. Suppose -w*i + 3*z + 20 = 0, 7 + 9 = -i - 5*z. Let b(m) = 10*m - 6. Calculate the remainder when 101 is divided by b(i).
33
Let m(z) = -z - 12. Let r be m(-6). Let v = -54 + 73. What is the remainder when v is divided by 63/r*4/(-6)?
5
What is the remainder when 9/4*(-23 - -25)*22 is divided by 40?
19
Let w = 70 - 34. Let p be (28/(-6))/(5/15). Let y = p + 27. Calculate the remainder when w is divided by y.
10
Let i = 23 - 13. What is the remainder when 4 - (-5)/(15/126) is divided by -5*(-1 - 22/i)?
14
Let h(q) be the first derivative of q**4/4 + 2*q**3/3 - q**2 - 2*q - 1. Let z = 16 + -14. What is the remainder when 19 is divided by h(z)?
9
Let a be (-3 + (0 - 0))*-1. Let o be -15 + 1/3*a. Let x = o + 20. Calculate the remainder when 16 is divided by x.
4
Let h be 0 + -24 - (-4 + 2). Let b = -2 + 34. Calculate the remainder when b is divided by (h/(-3))/(8/12).
10
Let c = 2545 - 2145. Calculate the remainder when c is divided by 116.
52
Suppose 4*z - 11 = 3*k - 1, -3*k + 22 = 4*z. Suppose w - 73 = -4*b, 22 = -b + k*b - w. Calculate the remainder when 56 is divided by b.
18
Suppose -3*c - 5*b + 24 = 0, 0*c + c - 3*b + 6 = 0. Calculate the remainder when 20 is divided by -2*c/((-18)/21).
6
Let t(m) = -m + 7. Let q be t(5). Let y(f) = 14*f + 4. Calculate the remainder when y(q) is divided by 12.
8
Suppose 379 = 6*j - 563. Let d = j - 108. Let r(s) = 3*s - 5. What is the remainder when d is divided by r(6)?
10
Let p be (-104)/(-24) + 1/(-3). Suppose p*y - 12 - 4 = 0. Suppose 0 = -y*f - f + 95. Calculate the remainder when 37 is divided by f.
18
Let v(b) = -3*b + 2 + 6 + 0 - 2*b. What is the remainder when v(-6) is divided by 13?
12
Suppose -4 = -19*g + 18*g. Suppose a - g = -1. Suppose -p - 4*v - 17 = 0, -4*p + 21 = -2*p - 3*v. Calculate the remainder when p is divided by a.
0
Let h(w) = -90*w - 48. What is the remainder when h(-3) is divided by 8?
6
Let y be (0 - -1)/((-2)/(-30)*1). Calculate the remainder when 11 is divided by 96/y - (-4)/(-10).
5
Suppose 4*x = 2*x + 4. Suppose x*b - b = -8. Let l(m) = m**3 + 8*m**2 - 7*m - 7. Calculate the remainder when l(b) is divided by 25.
24
Suppose 332 = 4*v - 352. Suppose -5*q = -2*f + 274, -3*q - f - v = -0*q. What is the remainder when 66 is divided by 236/14 - 8/q?
15
Calculate the remainder when 189 is divided by 1137/12 + (-60)/16 + 3.
1
Let y be 2 + (3 - (-1 + 2)). Let b be ((-3 - -2) + y)*2. Suppose -b*o + 177 = -3*o. Calculate the remainder when o is divided by 15.
14
Let y(v) = -11*v**2 - v**3 + 6 + v + 12*v + 0. Let p be y(-12). What is the remainder when (-22)/p + 2/6 is divided by 3?
1
Let v = 363 + -356. What is the remainder when 34 is divided by v?
6
Suppose -5*o + 57 = v, -2*v - 4*o + 93 = -39. Suppose -1453 + 1339 = -6*k. Calculate the remainder when v is divided by k.
15
Let l be (-2 - -2)*(35/(-10))/7. Calculate the remainder when l + 75 + 1 - (0 + 2) is divided by 7.
4
Let j = 812 + -799. Suppose 2*c + 3 = -m, -4*m - 7 = 2*c + 5. Calculate the remainder when j is divided by (-7)/(m - 2/(-1)).
6
Suppose -3*i + 97 = -5*f, i = -3*f + 11 + 12. Suppose 5*y = i + 46. Calculate the remainder when 59 is divided by y.
14
Suppose 0*o + 4*o + 4 = 0. Let p(z) be the third derivative of -3*z**4/8 + z**3/3 + 3*z**2. Calculate the remainder when p(o) is divided by 3.
2
Let s be (-36)/8*(-2)/(-3). What is the remainder when 5 - (-9)/s - -15 is divided by 5?
2
Let l = 12 + 27. Let d be (26/l)/((-2)/519). Let c = d + 255. Calculate the remainder when c is divided by 28.
26
Let s be 6/(-3)*(-26)/4. Let l = s + 1. Let z = 55 + -29. What is the remainder when z is divided by l?
12
Suppose -b - 6 = -4*l, -2*b = -b - 3*l + 9. What is the remainder when (-1948)/b - 38/171 is divided by 28?
24
Suppose 0 = -5*s - 39 + 109. Suppose -7 = -3*r + s. Calculate the remainder when 24 is divided by r.
3
Suppose -79 = -2*t + 51. Suppose -4*k - 1 = -3*c + 2*c, -5*k = -3*c + 31. What is the remainder when t is divided by c?
14
Suppose -2*v = 4*o - 5*v - 231, -5*v = o - 75. Calculate the remainder when o is divided by 31.
29
Suppose -5*i - 8 = -23. Suppose 4*w = a + 106, -a - 11 - 68 = -i*w. What is the remainder when w is divided by 15?
12
Let v = -13 + 13. Let y = v + 13. What is the remainder when 50 is divided by y?
11
Let w = -6 - -10. Suppose 3 = 3*h + 3*j, 15 + 5 = 2*h - w*j. Calculate the remainder when 4 is divided by h.
0
Suppose 80 = -14*g + 234. Calculate the remainder when 28 is divided by g.
6
Suppose 37 = 7*f - 47. Let a(c) = -8*c - 9. Let n(b) = 3*b - 1. Let p be n(-1). What is the remainder when a(p) is divided by f?
11
Let p = -24 - -31. Let k = 5 + -3. Suppose k*r - 5 = r. Calculate the remainder when p is divided by r.
2
Let n be (-3)/((-18)/24) + 119. Let v = n + -108. What is the remainder when 56 - (-2 + (0 - -1)) is divided by v?
12
Suppose -j - 2*t = -3*t - 5, 2*t = 3*j - 20. Let b = -27 - -54. Calculate the remainder when b is divided by j.
7
Suppose -5*u + 4*k + 36 = -3*u, 3*u - 61 = -k. Let l = 4 - -7. What is the remainder when u is divided by l?
9
Suppose 5*v = 4*x - 16, -2*v + 19 = 3*x + 7. Calculate the remainder when (v - 118)/(-15 + 13) is divided by 12.
11
Let u(t) = -18*t - 1. Calculate the remainder when (-255)/(-3) - (4/2 - 1) is divided by u(-1).
16
Suppose 3167 = 46*s + 591. What is the remainder when 334 is divided by s?
54
Let x(d) = d + 6. Let w be x(0). Suppose -7*b + w = -6*b. Calculate the remainder when 22 is divided by b.
4
Let h(k) = 3 + 17*k**3 - 5*k**2 + 0*k**2 + 12*k + k**2 - 18*k**3. What is the remainder when 4 is divided by h(-6)?
1
Suppose 3*b - 40 = 5*i, -2*b - 3*i + 72 = b. Let l = -327 + 366. What is the remainder when l is divided by b?
19
Let z(q) = -q - 5*q**3 + 5*q**3 + 16*q**2 + q**3 - 8. Calculate the remainder when 39 is divided by z(-16).
7
Let b = 4 + -4. Suppose 3*s + 13 + b = -o, 3*s + 15 = 0. Suppose -2*y + 3 = -f, 0*f + 5*y = o*f + 11. What is the remainder when 11 is divided by f?
4
Calculate the remainder when 229 is divided by (146/(-1))/(-2) - (5 - 0).
25
Calculate the remainder when 31 is divided by 3 + 4/2 - (3 + -2).
3
Suppose 0*d - 310 = -5*p + 5*d, 5*d = -5*p + 310. Suppose -10 = -c + 3*q, -3*q - p = -4*c - c. What is the remainder when 194 is divided by c?
12
Let x(g) be the first derivative of g**3/3 - 5*g**2/2 - 5*g - 6. Let c be x(5). Let l(v) = -30*v - 9. Calculate the remainder when l(c) is divided by 36.
33
Let u(w) = -6*w - 4. Let m(n) = -6*n - 3. Let z(b) = -6*m(b) + 5*u(b). What is the remainder when z(3) is divided by 9?
7
Let y = -4 - -10. Let c(k) = 7*k**2 - 98*k + 10. Calculate the remainder when c(14) is divided by y.
4
Suppose 556 = -0*s + 4*s. 